{"id":288,"date":"2019-09-22T11:00:25","date_gmt":"2019-09-22T09:00:25","guid":{"rendered":"https:\/\/kraft.caliberthemes.com\/minimal-main\/?page_id=288"},"modified":"2025-04-25T16:00:27","modified_gmt":"2025-04-25T14:00:27","slug":"about-basic","status":"publish","type":"page","link":"https:\/\/romainbabilon.com\/?page_id=288","title":{"rendered":"\u00e0 propos"},"content":{"rendered":"<div class=\"wpb-content-wrapper\"><p>[vc_row css=\u00a0\u00bb.vc_custom_1569595647890{padding-bottom: 100px !important;}\u00a0\u00bb][vc_column width=\u00a0\u00bb2\/3&Prime; offset=\u00a0\u00bbvc_col-xs-4\/5&Prime;][vc_empty_space height=\u00a0\u00bb50px\u00a0\u00bb][kraft_heading heading=\u00a0\u00bbBonjour,<br \/>\nje suis DA digital &amp; motion designer ind\u00e9pendant bas\u00e9 \u00e0 Paris<br \/>\n\u2609 \u1d17 \u2609\u00a0\u00bb heading_color=\u00a0\u00bb\u00a0\u00bb font_weight=\u00a0\u00bb100&Prime; responsive_line_height=\u00a0\u00bb.heading-custom_1950192593 .heading{desktop:px;tablet:px;tablet_portrait:px;mobile_landscape:px;mobile:px;property:line-height}\u00a0\u00bb sub_heading=\u00a0\u00bbN&rsquo;h\u00e9sitez pas \u00e0 me contacter pour toutes questions \/ demande de devis \/ proposition de projet \/ doute existentiel \/ si jamais vous vous ennuyez\u00a0\u00bb][vc_empty_space height=\u00a0\u00bb20px\u00a0\u00bb][vc_column_text css=\u00a0\u00bb\u00a0\u00bb font_weight=\u00a0\u00bb400&Prime; line_height=\u00a0\u00bb32px\u00a0\u00bb responsive_line_height=\u00a0\u00bb.wpb_text_column_1580646300989 .wpb_wrapper{desktop:26px;tablet:0px;tablet_portrait:0px;mobile_landscape:0px;mobile:0px;property:line-height}\u00a0\u00bb]<span style=\"color: #707070;\">babilonpro@gmail.com<\/span><\/p>\n<p><span style=\"color: #707070;\">06 72 21 90 16 <\/span><\/p>\n<p><span style=\"color: #707070;\">91 rue de Noisy-le-Sec<\/span><br \/>\n<span style=\"color: #707070;\">93260 Les Lilas \ud83e\udebb<\/span>[\/vc_column_text][vc_empty_space height=\u00a0\u00bb50px\u00a0\u00bb][vc_row_inner][vc_column_inner width=\u00a0\u00bb1\/3&Prime;][kraft_list]<\/p>\n<ul class=\"hyphen-text\">\n<li style=\"font-weight: 500;\"><span style=\"color: #151515;\">Direction artistique<\/span><\/li>\n<li style=\"font-weight: 500;\"><span style=\"color: #151515;\">Graphisme<\/span><\/li>\n<\/ul>\n<p>[\/kraft_list][\/vc_column_inner][vc_column_inner width=\u00a0\u00bb1\/3&Prime;][kraft_list list_style=\u00a0\u00bbhyphen-text\u00a0\u00bb]<\/p>\n<ul class=\"hyphen-text\">\n<li style=\"font-weight: 500;\"><span style=\"color: #151515;\">Motion design<\/span><\/li>\n<li style=\"font-weight: 500;\"><span style=\"color: #151515;\">Montage vid\u00e9o<\/span><\/li>\n<\/ul>\n<p>[\/kraft_list][\/vc_column_inner][vc_column_inner width=\u00a0\u00bb1\/3&Prime;][kraft_list list_style=\u00a0\u00bbhyphen-text\u00a0\u00bb]<\/p>\n<ul class=\"hyphen-text\">\n<li style=\"font-weight: 500;\"><span style=\"color: #151515;\">Illustration<\/span><\/li>\n<li style=\"font-weight: 500;\"><span style=\"color: #151515;\">Infographie<\/span><\/li>\n<\/ul>\n<p>[\/kraft_list][\/vc_column_inner][\/vc_row_inner][\/vc_column][vc_column width=\u00a0\u00bb1\/3&Prime; offset=\u00a0\u00bbvc_hidden-sm vc_hidden-xs\u00a0\u00bb][\/vc_column][\/vc_row]<\/p>\n<\/div>","protected":false},"excerpt":{"rendered":"<p>[vc_row css=\u00a0\u00bb.vc_custom_1569595647890{padding-bottom: 100px !important;}\u00a0\u00bb][vc_column width=\u00a0\u00bb2\/3&Prime; offset=\u00a0\u00bbvc_col-xs-4\/5&Prime;][vc_empty_space height=\u00a0\u00bb50px\u00a0\u00bb][kraft_heading heading=\u00a0\u00bbBonjour, je suis DA digital &amp; motion designer ind\u00e9pendant bas\u00e9 \u00e0 Paris \u2609 \u1d17 \u2609\u00a0\u00bb heading_color=\u00a0\u00bb\u00a0\u00bb font_weight=\u00a0\u00bb100&Prime; responsive_line_height=\u00a0\u00bb.heading-custom_1950192593 .heading{desktop:px;tablet:px;tablet_portrait:px;mobile_landscape:px;mobile:px;property:line-height}\u00a0\u00bb sub_heading=\u00a0\u00bbN&rsquo;h\u00e9sitez pas \u00e0 me contacter pour toutes questions \/ demande de devis \/ proposition de projet \/ doute existentiel \/ si jamais vous vous ennuyez\u00a0\u00bb][vc_empty_space height=\u00a0\u00bb20px\u00a0\u00bb][vc_column_text css=\u00a0\u00bb\u00a0\u00bb font_weight=\u00a0\u00bb400&Prime; line_height=\u00a0\u00bb32px\u00a0\u00bb [&hellip;]<\/p>\n","protected":false},"author":1,"featured_media":0,"parent":0,"menu_order":0,"comment_status":"closed","ping_status":"closed","template":"","meta":{"footnotes":""},"_links":{"self":[{"href":"https:\/\/romainbabilon.com\/index.php?rest_route=\/wp\/v2\/pages\/288"}],"collection":[{"href":"https:\/\/romainbabilon.com\/index.php?rest_route=\/wp\/v2\/pages"}],"about":[{"href":"https:\/\/romainbabilon.com\/index.php?rest_route=\/wp\/v2\/types\/page"}],"author":[{"embeddable":true,"href":"https:\/\/romainbabilon.com\/index.php?rest_route=\/wp\/v2\/users\/1"}],"replies":[{"embeddable":true,"href":"https:\/\/romainbabilon.com\/index.php?rest_route=%2Fwp%2Fv2%2Fcomments&post=288"}],"version-history":[{"count":86,"href":"https:\/\/romainbabilon.com\/index.php?rest_route=\/wp\/v2\/pages\/288\/revisions"}],"predecessor-version":[{"id":1684,"href":"https:\/\/romainbabilon.com\/index.php?rest_route=\/wp\/v2\/pages\/288\/revisions\/1684"}],"wp:attachment":[{"href":"https:\/\/romainbabilon.com\/index.php?rest_route=%2Fwp%2Fv2%2Fmedia&parent=288"}],"curies":[{"name":"wp","href":"https:\/\/api.w.org\/{rel}","templated":true}]}}

à propos

<div class="wpb-content-wrapper"><p>[vc_row css= ».vc_custom_1569595647890{padding-bottom: 100px !important;} »][vc_column width= »2/3&Prime; offset= »vc_col-xs-4/5&Prime;][vc_empty_space height= »50px »][kraft_heading heading= »Bonjour,<br />
je suis DA digital &amp; motion designer indépendant basé à Paris<br />
☉ ᴗ ☉ » heading_color= » » font_weight= »100&Prime; responsive_line_height= ».heading-custom_1950192593 .heading{desktop:px;tablet:px;tablet_portrait:px;mobile_landscape:px;mobile:px;property:line-height} » sub_heading= »N&rsquo;hésitez pas à me contacter pour toutes questions / demande de devis / proposition de projet / doute existentiel / si jamais vous vous ennuyez »][vc_empty_space height= »20px »][vc_column_text css= » » font_weight= »400&Prime; line_height= »32px » responsive_line_height= ».wpb_text_column_1580646300989 .wpb_wrapper{desktop:26px;tablet:0px;tablet_portrait:0px;mobile_landscape:0px;mobile:0px;property:line-height} »]<span style="color: #707070;">babilonpro@gmail.com</span></p>
<p><span style="color: #707070;">06 72 21 90 16 </span></p>
<p><span style="color: #707070;">91 rue de Noisy-le-Sec</span><br />
<span style="color: #707070;">93260 Les Lilas 🪻</span>[/vc_column_text][vc_empty_space height= »50px »][vc_row_inner][vc_column_inner width= »1/3&Prime;][kraft_list]</p>
<ul class="hyphen-text">
<li style="font-weight: 500;"><span style="color: #151515;">Direction artistique</span></li>
<li style="font-weight: 500;"><span style="color: #151515;">Graphisme</span></li>
</ul>
<p>[/kraft_list][/vc_column_inner][vc_column_inner width= »1/3&Prime;][kraft_list list_style= »hyphen-text »]</p>
<ul class="hyphen-text">
<li style="font-weight: 500;"><span style="color: #151515;">Motion design</span></li>
<li style="font-weight: 500;"><span style="color: #151515;">Montage vidéo</span></li>
</ul>
<p>[/kraft_list][/vc_column_inner][vc_column_inner width= »1/3&Prime;][kraft_list list_style= »hyphen-text »]</p>
<ul class="hyphen-text">
<li style="font-weight: 500;"><span style="color: #151515;">Illustration</span></li>
<li style="font-weight: 500;"><span style="color: #151515;">Infographie</span></li>
</ul>
<p>[/kraft_list][/vc_column_inner][/vc_row_inner][/vc_column][vc_column width= »1/3&Prime; offset= »vc_hidden-sm vc_hidden-xs »][/vc_column][/vc_row]</p>
</div>

<p>[vc_row css= ».vc_custom_1569595647890{padding-bottom: 100px !important;} »][vc_column width= »2/3&Prime; offset= »vc_col-xs-4/5&Prime;][vc_empty_space height= »50px »][kraft_heading heading= »Bonjour, je suis DA digital &amp; motion designer indépendant basé à Paris ☉ ᴗ ☉ » heading_color= » » font_weight= »100&Prime; responsive_line_height= ».heading-custom_1950192593 .heading{desktop:px;tablet:px;tablet_portrait:px;mobile_landscape:px;mobile:px;property:line-height} » sub_heading= »N&rsquo;hésitez pas à me contacter pour toutes questions / demande de devis / proposition de projet / doute existentiel / si jamais vous vous ennuyez »][vc_empty_space height= »20px »][vc_column_text css= » » font_weight= »400&Prime; line_height= »32px » [&hellip;]</p>
